 q**2 - 36*q + 202. Let y be m(31). Let n = y - a. What is the units digit of n?
4
Let g(d) = -d**3 + 5*d**2 + 4*d - 25. Let c be g(3). Suppose -c = -r, 5*u - 4*r = r - 35. What is the hundreds digit of (-5 + u)/(3/(-57))?
1
Let o(s) = -s + 16. Let f be o(11). Let r = f + -7. What is the units digit of r + ((-4)/10*-5 - -24)?
4
Suppose -b - 4*p + 46780 = 0, -24*b - 2*p + 46766 = -23*b. What is the hundreds digit of b?
7
Suppose 31*q + 7*q = 235025 + 174653. What is the ten thousands digit of q?
1
Let u(b) = -b**2 + 10*b + 15. Let j be u(9). Let o be j/60 - 452/5. Let f = o - -194. What is the hundreds digit of f?
1
What is the thousands digit of (6272 - (-6 - -3))*(-94 - -95)?
6
Suppose -2*c + d + 3 = 0, c - 1 = d + 2. Let j(y) = -16*y + 17*y - 2 + 4*y**2 - y**3 + c + 3*y**3. What is the tens digit of j(3)?
9
Let w(s) = -s**2 - 34*s + 58. Let t be w(-34). Suppose -4*n + 3*d + 110 = d, 2*n - t = 2*d. What is the units digit of n?
6
Let v be 114800/(-28) - (1 + 0 - 1). What is the thousands digit of (4 - v/(-12))*-1*3?
1
Let k be 1/(-2)*-33 + (-13)/26. Let v be 5/20 - 2020/k. Let i = v - -257. What is the units digit of i?
1
Suppose -21 = -f + 3*x, 2*f - 52 = -2*f + 4*x. Suppose -3*s - 18 = -f. What is the hundreds digit of 125/1 - (s + 5)?
1
Suppose -t + a + 3788 = -3337, 3*t = -a + 21375. What is the thousands digit of t?
7
Let h(v) = 147 - 37 - 4*v - 82. Let w = -16 - -5. What is the tens digit of h(w)?
7
What is the units digit of (10 + -12 + -1932)*(-4 - -1) + 4?
6
Let z be (6*1)/(-87 + 89). Let p(v) = -84*v**3 - v - 1. Let u be p(-1). Suppose -i + u = z. What is the tens digit of i?
8
Let y(t) = -2*t**3 + 3*t**2 - 3*t + 1. Let f be y(-3). What is the tens digit of (-4)/26 - (-14483)/f?
5
What is the hundreds digit of (-360)/225*(-265)/2 - -8?
2
Let i(x) = -2*x**3 - x**2 + 6*x + 4. Let o be i(-2). Suppose -2*l - o*h = -5*l + 35, 101 = 5*l + 4*h. What is the units digit of l?
7
Suppose 0 = 3*b - 6, 3*l - 9*b + 7*b = 91946. What is the units digit of l?
0
Suppose -h - h = -3*n + 60, 4*h = 3*n - 60. Suppose -2923 - 157 = -28*m. Suppose -m = -n*k + 15*k. What is the tens digit of k?
2
Let r be (-8 - -8 - -1)*19*2. Suppose r*u - 2178 = 35*u. What is the hundreds digit of u?
7
Let d(w) = 2*w + 3*w - w**2 + 2*w - 5 - w. Let k be d(3). Suppose -405 = -k*c - c. What is the tens digit of c?
8
What is the thousands digit of 42/((7/(82740/(-8)))/((-1)/5))?
2
Suppose 0 = -z - q + 10745, z - 6600 - 4157 = -5*q. What is the hundreds digit of z?
7
Let w = -3 - -28. Let c be 4/(-10) + 110/w. Suppose c*q = 10 + 26. What is the units digit of q?
9
Suppose 3237 = 3*k - 3*m, -3*k = -m - 1589 - 1656. What is the tens digit of k?
8
Let a(o) = -6*o + 23. Let n be a(4). Let r be n/(-4) + (-4935)/60. What is the hundreds digit of (7/(-6) - (-3)/(-9))*r?
1
Suppose -8*d + 40658 = -1614. What is the units digit of d?
4
Suppose 2*w - 482 + 124 = 0. Suppose 3*m - 36 = -p - w, 2*p + 284 = -4*m. What is the tens digit of (168/p)/((-1)/50)?
6
Let u(w) = 5*w**3 + 21*w**2 - 2*w - 21. Let d be u(-4). What is the hundreds digit of d/((-24)/(-490))*(-20 - -24)?
2
Let f = 985 - -6500. What is the units digit of f?
5
Let j(s) = -3*s**2 + 45 - 4*s + 12*s**2 - 44. Let m be j(-2). What is the units digit of 790/4*36/m?
8
Let y(c) = 44*c**2 + 5*c + 125. What is the thousands digit of y(-8)?
2
What is the tens digit of (-24420)/264*3824/(-20)?
8
Suppose -20*o = 11*o - 1736. What is the hundreds digit of (55 - o)/(1 - (-645)/(-644))?
6
Let r(v) = -171*v - 1554. What is the tens digit of r(-98)?
0
Suppose 0 = 2*a - 7*a - 5, 5*a = -4*t + 11. Let x be ((-2)/(t/6))/3. What is the units digit of ((-1)/(-2)*x)/(7/(-602))?
3
Suppose -1 = -4*z + 2*l + 1, -5*z + 25 = 5*l. Let t be (-1)/(11/20) + z/(-11). What is the units digit of (201/t)/((-12)/24)?
1
Let b be 50/175 - (-2)/(-7). Suppose b = -3*i + 86 + 1336. What is the units digit of i?
4
Suppose -5 = u - 43. Suppose -5*g - 5*a + 605 = 0, 2*a + 440 + u = 4*g. Suppose 26*y = 30*y - g. What is the units digit of y?
0
Suppose 0*i + 2*i + 56528 = 10*i. What is the hundreds digit of i?
0
Let r = 109 - 79. Let z = r + 112. What is the tens digit of z?
4
Let n(f) = -f**2 + 15*f - 52. Let c be n(6). Suppose -4*h + u + 104 = 0, -2*h + 5*u - c*u = -52. What is the units digit of h?
6
Let g(i) be the second derivative of -43*i**3/2 - 43*i**2 + 163*i. What is the units digit of g(-10)?
4
Let w(l) = 2*l**3 + 3*l**2 + l. Let z be w(-3). Let q = z - -30. Suppose q = -13*v + 16*v - 75. What is the units digit of v?
5
Let p = 10776 - 8016. What is the units digit of p?
0
Let p(f) = -66*f - 77. Let o be p(-20). Suppose -4*d - 5*g + 391 = -3*d, 0 = -3*d - g + o. What is the units digit of d?
6
Let r(b) = 59*b**2 + 2*b - 6. Let m be r(3). Suppose 0 = f + 4*d - m, 21*f + 2591 = 26*f + 4*d. What is the hundreds digit of f?
5
Suppose -5*k = 32*l - 33*l + 10760, 2*l - 21520 = 4*k. What is the hundreds digit of l?
7
Let u be 136 + -2 + (-2 - -3) + 2. Let d = -92 + u. What is the units digit of d?
5
Let t(j) = -2*j**2 - 15*j - 5. Let v be t(-7). Suppose 4*p + d + 2765 = 9*p, -5*d + 1133 = v*p. What is the units digit of p?
4
Let u(l) = 14*l - 78. Suppose 0 = c + h - 6, h = 6*h. Let n be u(c). What is the units digit of (28/8 + -2)*32/n?
8
Let l = -8737 - -30148. What is the hundreds digit of l?
4
Let i be (360/14)/((-9)/(-63)). Let z = i + 112. What is the hundreds digit of z?
2
Suppose 0 = -74*x + 26*x + 1246176. What is the ten thousands digit of x?
2
Suppose 0 = 3*n + 5*k - 403, 3*n - 7*n + 545 = -k. Suppose 84 = -n*x + 140*x. Suppose 0 = -23*o + x*o + 82. What is the tens digit of o?
4
Let f = 28059 - 4784. What is the thousands digit of f?
3
Suppose -46*t - 45 = -61*t. Suppose 3*i + 5*y = 4*i - 1475, -i + 1515 = t*y. What is the tens digit of i?
0
Suppose 72 = -5*g - 128. Suppose b - 3*b + 474 = 3*q, 791 = 5*q + 3*b. What is the tens digit of ((-96)/g)/(6/q)?
6
Suppose i - 14 = 1. Suppose -20*p = -i*p - 1320. What is the hundreds digit of p?
2
Let u(t) = 957 - 956 - 10*t**2 + 2*t - t. Let z be u(-1). What is the hundreds digit of 4/6*-6 + (-2130)/z?
2
Let d(h) = 4*h**2 + 2*h + 5. Let k be d(0). What is the units digit of (5/2)/k*22*134?
4
Suppose -73181 + 1785 = -13*d. What is the units digit of d?
2
Suppose -3*q + 177 = -2*b, 3*b + 2*q + 101 = -184. What is the units digit of (6/(-2) - (-6 + 10))*b?
1
Suppose -267 = -21*v + 3198. Let c = -6 + v. What is the tens digit of c?
5
Let m(w) = -w**3 - 11*w**2 + 12*w + 4. Let u be m(-12). Suppose 2*l = -3*o + 1132, u*l - 1507 = -4*o - l. What is the hundreds digit of o?
3
Let h be (-9 - -10)/(3/4494). Let d = h + -1012. What is the units digit of d?
6
Let p = -1349 - -6434. What is the units digit of p?
5
Let w = 5127 - 3770. What is the units digit of w?
7
Suppose -62 = -3*i + 5*r, -5*i + 0*i - 5*r + 170 = 0. Let s = i + -37. Let b = 55 - s. What is the tens digit of b?
6
Let f(v) = -73*v - 5. Let i be f(2). Let x = 64 - i. What is the tens digit of x?
1
Suppose -13*h + 671 = -7519. Let a = h + 49. What is the hundreds digit of a?
6
Suppose -16*c + 48 + 32 = 0. Suppose 6*n = c*n + 614. What is the tens digit of n?
1
Let m = -23 + 35. Suppose -7*v = -11*v - x + 1276, m = 3*x. What is the hundreds digit of v?
3
Suppose -1356*g - 1125 = -1341*g. Let a = 526 + -176. Let t = g + a. What is the hundreds digit of t?
2
Suppose c + 134 = 3*j, 4*j + j = c + 226. Suppose 37*h + 3420 = j*h. What is the tens digit of h?
8
Let i(k) = 2*k**3 + 42*k**2 + 29*k + 41. Suppose 0 = 19*g - 12*g + 140. What is the units digit of i(g)?
1
Let o = -168020 + 240081. What is the tens digit of o?
6
Let r = 8505 + 5097. What is the thousands digit of r?
3
Let l = -33 + 86. Suppose 5*r = n + 2*n - 17, -4*n + 3*r = -8. What is the units digit of (l/1 - n) + 3?
7
Let o be 5622 + ((-6)/(-1))/(129/(-86)). Suppose 1798 + o = 9*f. What is the tens digit of f?
2
What is the hundreds digit of 15 + (-374)/(-4)*64?
9
Let h = 6979 + -1006. What is the hundreds digit of h?
9
Let x(o) = -o**3 + 4*o**2 + 6*o - 17. Let g be x(4). What is the hundreds digit of 1026/8 - g/28?
1
Suppose 18*t - 5824 = 1358. What is the units digit of t?
9
What is the hundreds digit of (-7 + ((-102)/(-18) - (-2)/6))*-36989?
9
Let a(v) = 521*v**2 - 1620*v. What is the tens digit of